{"id":296,"date":"2016-04-18T03:39:37","date_gmt":"2016-04-18T03:39:37","guid":{"rendered":"http:\/\/www.asambleasaavedra.mdc.com.ar\/?page_id=296"},"modified":"2016-06-09T20:16:23","modified_gmt":"2016-06-09T20:16:23","slug":"cicam","status":"publish","type":"page","link":"http:\/\/asambleasaavedra.mdc.com.ar\/?page_id=296","title":{"rendered":"CICAM"},"content":{"rendered":"<h1 class=\"entry-title\">Comit\u00e9 Interjurisdiccional de la Cuenca del Arroyo Medrano<\/h1>\n<h4 style=\"text-align: center;\">Pagina en construcci\u00f3n<\/h4>\n<h4 style=\"text-align: center;\">Inundaciones: Luego de la intervenci\u00f3n de la Defensor\u00eda se cre\u00f3 el Comit\u00e9 Interjurisdiccional de la Cuenca del Arroyo Medrano<\/h4>\n<p><a href=\"http:\/\/www.asambleasaavedra.mdc.com.ar\/wp-content\/uploads\/inundaciones-abril-2013.jpg\" rel=\"attachment wp-att-317\"><img loading=\"lazy\" decoding=\"async\" class=\"size-medium wp-image-317\" src=\"http:\/\/www.asambleasaavedra.mdc.com.ar\/wp-content\/uploads\/inundaciones-abril-2013-640x284.jpg\" alt=\"Inundaciones en la Ciudad de Buenos Aires, luego del diluvio de la madrugada.Zona de Cabildo y Garcia del Rio.Fotos Alfredo Martinez\" width=\"640\" height=\"284\" srcset=\"http:\/\/asambleasaavedra.mdc.com.ar\/wp-content\/uploads\/inundaciones-abril-2013-640x284.jpg 640w, http:\/\/asambleasaavedra.mdc.com.ar\/wp-content\/uploads\/inundaciones-abril-2013-768x341.jpg 768w, http:\/\/asambleasaavedra.mdc.com.ar\/wp-content\/uploads\/inundaciones-abril-2013.jpg 900w\" sizes=\"auto, (max-width: 640px) 100vw, 640px\" \/><\/a><\/p>\n<article>\n<div class=\"verdana9\" align=\"justify\">\n<p>Tras el pedido efectuado por\u00a0la Defensor\u00eda del Pueblo porte\u00f1a, el pasado 22 de febrero se concret\u00f3 la conformaci\u00f3n del Comit\u00e9 Interjurisdiccional de la Cuenca del Arroyo Medrano entre el Estado Nacional, la Provincia de Buenos Aires y la Ciudad Aut\u00f3noma de Buenos Aires (CICAM).<\/p>\n<p>El arroyo Medrano es el eje de una cuenca que comprende la Ciudad de Buenos Aires y los municipios bonaerenses de Tres de Febrero, Vicente L\u00f3pez y San Mart\u00edn. Sus desbordes produjeron numerosas inundaciones, algunas de ellas verdaderas cat\u00e1strofes, como la ocurrida en abril de 2013, donde s\u00f3lo en la Ciudad provoc\u00f3 el fallecimiento de 8 personas.<\/p>\n<p>Los vecinos damnificados se movilizaron y presentaron una denuncia en el organismo. En respuesta a este reclamo, el Defensor del Pueblo Alejandro Amor recomend\u00f3 a las autoridades del Gobierno de la Ciudad, entre otras medidas, que se determine el Reglamento de Organizaci\u00f3n Interna y de Operaci\u00f3n del CICAM y que en ese reglamento se incorpore \u201cla participaci\u00f3n ciudadana, ampliamente reclamada por los vecinos de la Ciudad\u201d.<\/p>\n<p>La problem\u00e1tica de las inundaciones es una preocupaci\u00f3n constante en la Defensor\u00eda del Pueblo, es por ello que la promoci\u00f3n de medidas que contribuyan a prevenir o mitigar el impacto de estas cat\u00e1strofes es parte de las funciones que se encomienda en defensa y protecci\u00f3n de derechos de los vecinos.<\/p>\n<p>Descargar recomendaci\u00f3n completa <a href=\"http:\/\/defensoria.org.ar\/wpnoticias\/wp-content\/uploads\/2016\/03\/prensa.pdf\" target=\"_blank\"><strong>aqu\u00ed<\/strong><\/a><\/p>\n<p><em>Foto:\u00a0Alfredo Martinez<\/em><\/p>\n<\/div>\n<\/article>\n<div align=\"right\"><span class=\"arial9\" title=\"Fecha de publicaci\u00f3n\">Fecha de publicaci\u00f3n: 01-03-2016<br \/>\n<\/span><\/div>\n<div style=\"text-align: left;\" align=\"right\">Fuente\u00a0Defensor\u00eda del Pueblo de la Ciudad Aut\u00f3noma de Buenos Aires:\u00a0<a href=\"http:\/\/www.defensoria.org.ar\/noticias\/inundaciones-luego-de-la-intervencion-de-la-defensoria-se-creo-el-comite-interjurisdiccional-de-la-cuenca-del-arroyo-medrano\/\" target=\"_blank\">http:\/\/www.defensoria.org.ar\/noticias\/inundaciones-luego-de-la-intervencion-de-la-defensoria-se-creo-el-comite-interjurisdiccional-de-la-cuenca-del-arroyo-medrano\/<\/a><\/div>\n<div style=\"text-align: left;\" align=\"right\"><\/div>\n<a class=\"synved-social-button synved-social-button-share synved-social-size-48 synved-social-resolution-single synved-social-provider-facebook nolightbox\" data-provider=\"facebook\" target=\"_blank\" rel=\"nofollow\" title=\"Share on Facebook\" href=\"http:\/\/www.facebook.com\/sharer.php?u=http%3A%2F%2Fasambleasaavedra.mdc.com.ar%2Findex.php%3Frest_route%3D%252Fwp%252Fv2%252Fpages%252F296&#038;t=CICAM&#038;s=100&#038;p&#091;url&#093;=http%3A%2F%2Fasambleasaavedra.mdc.com.ar%2Findex.php%3Frest_route%3D%252Fwp%252Fv2%252Fpages%252F296&#038;p&#091;images&#093;&#091;0&#093;=http%3A%2F%2Fwww.asambleasaavedra.mdc.com.ar%2Fwp-content%2Fuploads%2Finundaciones-abril-2013-640x284.jpg&#038;p&#091;title&#093;=CICAM\" style=\"font-size: 0px;width:48px;height:48px;margin:0;margin-bottom:5px;margin-right:5px\"><img loading=\"lazy\" decoding=\"async\" alt=\"Facebook\" title=\"Share on Facebook\" class=\"synved-share-image synved-social-image synved-social-image-share\" width=\"48\" height=\"48\" style=\"display: inline;width:48px;height:48px;margin: 0;padding: 0;border: none;box-shadow: none\" src=\"http:\/\/asambleasaavedra.mdc.com.ar\/wp-content\/plugins\/social-media-feather\/synved-social\/image\/social\/regular\/96x96\/facebook.png\" \/><\/a><a class=\"synved-social-button synved-social-button-share synved-social-size-48 synved-social-resolution-single synved-social-provider-twitter nolightbox\" data-provider=\"twitter\" target=\"_blank\" rel=\"nofollow\" title=\"Share on Twitter\" href=\"https:\/\/twitter.com\/intent\/tweet?url=http%3A%2F%2Fasambleasaavedra.mdc.com.ar%2Findex.php%3Frest_route%3D%252Fwp%252Fv2%252Fpages%252F296&#038;text=Hey%20check%20this%20out\" style=\"font-size: 0px;width:48px;height:48px;margin:0;margin-bottom:5px\"><img loading=\"lazy\" decoding=\"async\" alt=\"twitter\" title=\"Share on Twitter\" class=\"synved-share-image synved-social-image synved-social-image-share\" width=\"48\" height=\"48\" style=\"display: inline;width:48px;height:48px;margin: 0;padding: 0;border: none;box-shadow: none\" src=\"http:\/\/asambleasaavedra.mdc.com.ar\/wp-content\/plugins\/social-media-feather\/synved-social\/image\/social\/regular\/96x96\/twitter.png\" \/><\/a>","protected":false},"excerpt":{"rendered":"Comit\u00e9 Interjurisdiccional de la Cuenca del Arroyo Medrano Pagina en construcci\u00f3n Inundaciones: Luego de la intervenci\u00f3n de la Defensor\u00eda se cre\u00f3 el Comit\u00e9 \n<a class=\"moretag\" href=\"http:\/\/asambleasaavedra.mdc.com.ar\/?page_id=296\"> [...]<\/a>","protected":false},"author":1,"featured_media":0,"parent":0,"menu_order":0,"comment_status":"closed","ping_status":"closed","template":"","meta":{"_exactmetrics_skip_tracking":false,"_exactmetrics_sitenote_active":false,"_exactmetrics_sitenote_note":"","_exactmetrics_sitenote_category":0,"footnotes":""},"class_list":["post-296","page","type-page","status-publish","hentry"],"_links":{"self":[{"href":"http:\/\/asambleasaavedra.mdc.com.ar\/index.php?rest_route=\/wp\/v2\/pages\/296","targetHints":{"allow":["GET"]}}],"collection":[{"href":"http:\/\/asambleasaavedra.mdc.com.ar\/index.php?rest_route=\/wp\/v2\/pages"}],"about":[{"href":"http:\/\/asambleasaavedra.mdc.com.ar\/index.php?rest_route=\/wp\/v2\/types\/page"}],"author":[{"embeddable":true,"href":"http:\/\/asambleasaavedra.mdc.com.ar\/index.php?rest_route=\/wp\/v2\/users\/1"}],"replies":[{"embeddable":true,"href":"http:\/\/asambleasaavedra.mdc.com.ar\/index.php?rest_route=%2Fwp%2Fv2%2Fcomments&post=296"}],"version-history":[{"count":6,"href":"http:\/\/asambleasaavedra.mdc.com.ar\/index.php?rest_route=\/wp\/v2\/pages\/296\/revisions"}],"predecessor-version":[{"id":417,"href":"http:\/\/asambleasaavedra.mdc.com.ar\/index.php?rest_route=\/wp\/v2\/pages\/296\/revisions\/417"}],"wp:attachment":[{"href":"http:\/\/asambleasaavedra.mdc.com.ar\/index.php?rest_route=%2Fwp%2Fv2%2Fmedia&parent=296"}],"curies":[{"name":"wp","href":"https:\/\/api.w.org\/{rel}","templated":true}]}}

<h1 class="entry-title">Comité Interjurisdiccional de la Cuenca del Arroyo Medrano</h1>
<h4 style="text-align: center;">Pagina en construcción</h4>
<h4 style="text-align: center;">Inundaciones: Luego de la intervención de la Defensoría se creó el Comité Interjurisdiccional de la Cuenca del Arroyo Medrano</h4>
<p><a href="http://www.asambleasaavedra.mdc.com.ar/wp-content/uploads/inundaciones-abril-2013.jpg" rel="attachment wp-att-317"><img loading="lazy" decoding="async" class="size-medium wp-image-317" src="http://www.asambleasaavedra.mdc.com.ar/wp-content/uploads/inundaciones-abril-2013-640x284.jpg" alt="Inundaciones en la Ciudad de Buenos Aires, luego del diluvio de la madrugada.Zona de Cabildo y Garcia del Rio.Fotos Alfredo Martinez" width="640" height="284" srcset="http://asambleasaavedra.mdc.com.ar/wp-content/uploads/inundaciones-abril-2013-640x284.jpg 640w, http://asambleasaavedra.mdc.com.ar/wp-content/uploads/inundaciones-abril-2013-768x341.jpg 768w, http://asambleasaavedra.mdc.com.ar/wp-content/uploads/inundaciones-abril-2013.jpg 900w" sizes="auto, (max-width: 640px) 100vw, 640px" /></a></p>
<article>
<div class="verdana9" align="justify">
<p>Tras el pedido efectuado por la Defensoría del Pueblo porteña, el pasado 22 de febrero se concretó la conformación del Comité Interjurisdiccional de la Cuenca del Arroyo Medrano entre el Estado Nacional, la Provincia de Buenos Aires y la Ciudad Autónoma de Buenos Aires (CICAM).</p>
<p>El arroyo Medrano es el eje de una cuenca que comprende la Ciudad de Buenos Aires y los municipios bonaerenses de Tres de Febrero, Vicente López y San Martín. Sus desbordes produjeron numerosas inundaciones, algunas de ellas verdaderas catástrofes, como la ocurrida en abril de 2013, donde sólo en la Ciudad provocó el fallecimiento de 8 personas.</p>
<p>Los vecinos damnificados se movilizaron y presentaron una denuncia en el organismo. En respuesta a este reclamo, el Defensor del Pueblo Alejandro Amor recomendó a las autoridades del Gobierno de la Ciudad, entre otras medidas, que se determine el Reglamento de Organización Interna y de Operación del CICAM y que en ese reglamento se incorpore “la participación ciudadana, ampliamente reclamada por los vecinos de la Ciudad”.</p>
<p>La problemática de las inundaciones es una preocupación constante en la Defensoría del Pueblo, es por ello que la promoción de medidas que contribuyan a prevenir o mitigar el impacto de estas catástrofes es parte de las funciones que se encomienda en defensa y protección de derechos de los vecinos.</p>
<p>Descargar recomendación completa <a href="http://defensoria.org.ar/wpnoticias/wp-content/uploads/2016/03/prensa.pdf" target="_blank"><strong>aquí</strong></a></p>
<p><em>Foto: Alfredo Martinez</em></p>
</div>
</article>
<div align="right"><span class="arial9" title="Fecha de publicación">Fecha de publicación: 01-03-2016<br />
</span></div>
<div style="text-align: left;" align="right">Fuente Defensoría del Pueblo de la Ciudad Autónoma de Buenos Aires: <a href="http://www.defensoria.org.ar/noticias/inundaciones-luego-de-la-intervencion-de-la-defensoria-se-creo-el-comite-interjurisdiccional-de-la-cuenca-del-arroyo-medrano/" target="_blank">http://www.defensoria.org.ar/noticias/inundaciones-luego-de-la-intervencion-de-la-defensoria-se-creo-el-comite-interjurisdiccional-de-la-cuenca-del-arroyo-medrano/</a></div>
<div style="text-align: left;" align="right"></div>
<a class="synved-social-button synved-social-button-share synved-social-size-48 synved-social-resolution-single synved-social-provider-facebook nolightbox" data-provider="facebook" target="_blank" rel="nofollow" title="Share on Facebook" href="http://www.facebook.com/sharer.php?u=http%3A%2F%2Fasambleasaavedra.mdc.com.ar%2Findex.php%3Frest_route%3D%252Fwp%252Fv2%252Fpages%252F296&#038;t=CICAM&#038;s=100&#038;p&#091;url&#093;=http%3A%2F%2Fasambleasaavedra.mdc.com.ar%2Findex.php%3Frest_route%3D%252Fwp%252Fv2%252Fpages%252F296&#038;p&#091;images&#093;&#091;0&#093;=http%3A%2F%2Fwww.asambleasaavedra.mdc.com.ar%2Fwp-content%2Fuploads%2Finundaciones-abril-2013-640x284.jpg&#038;p&#091;title&#093;=CICAM" style="font-size: 0px;width:48px;height:48px;margin:0;margin-bottom:5px;margin-right:5px"><img loading="lazy" decoding="async" alt="Facebook" title="Share on Facebook" class="synved-share-image synved-social-image synved-social-image-share" width="48" height="48" style="display: inline;width:48px;height:48px;margin: 0;padding: 0;border: none;box-shadow: none" src="http://asambleasaavedra.mdc.com.ar/wp-content/plugins/social-media-feather/synved-social/image/social/regular/96x96/facebook.png" /></a><a class="synved-social-button synved-social-button-share synved-social-size-48 synved-social-resolution-single synved-social-provider-twitter nolightbox" data-provider="twitter" target="_blank" rel="nofollow" title="Share on Twitter" href="https://twitter.com/intent/tweet?url=http%3A%2F%2Fasambleasaavedra.mdc.com.ar%2Findex.php%3Frest_route%3D%252Fwp%252Fv2%252Fpages%252F296&#038;text=Hey%20check%20this%20out" style="font-size: 0px;width:48px;height:48px;margin:0;margin-bottom:5px"><img loading="lazy" decoding="async" alt="twitter" title="Share on Twitter" class="synved-share-image synved-social-image synved-social-image-share" width="48" height="48" style="display: inline;width:48px;height:48px;margin: 0;padding: 0;border: none;box-shadow: none" src="http://asambleasaavedra.mdc.com.ar/wp-content/plugins/social-media-feather/synved-social/image/social/regular/96x96/twitter.png" /></a>

Comité Interjurisdiccional de la Cuenca del Arroyo Medrano Pagina en construcción Inundaciones: Luego de la intervención de la Defensoría se creó el Comité 
<a class="moretag" href="http://asambleasaavedra.mdc.com.ar/?page_id=296"> [...]</a>
